e the remainder when 741561 is divided by 370752.
57
What is the remainder when 6390081 is divided by 16?
1
Calculate the remainder when 281554 is divided by 70225.
654
Calculate the remainder when 12959478 is divided by 1030.
18
What is the remainder when 16835401 is divided by 5491?
5486
What is the remainder when 5817883 is divided by 83?
81
What is the remainder when 1806206999 is divided by 650?
649
What is the remainder when 793822 is divided by 16888?
86
Calculate the remainder when 471462220 is divided by 319.
317
What is the remainder when 20948 is divided by 3444?
284
Calculate the remainder when 108688 is divided by 54184.
320
Calculate the remainder when 1953613 is divided by 29600.
13
Calculate the remainder when 158369054 is divided by 16.
14
Calculate the remainder when 209633 is divided by 208935.
698
What is the remainder when 30000 is divided by 9814?
558
Calculate the remainder when 46846626 is divided by 995.
36
What is the remainder when 1826316 is divided by 22821?
636
What is the remainder when 299292 is divided by 10317?
99
Calculate the remainder when 193375 is divided by 1835.
700
Calculate the remainder when 516568 is divided by 30.
28
What is the remainder when 1612713 is divided by 806322?
69
Calculate the remainder when 56990283 is divided by 2054.
2053
What is the remainder when 13144961 is divided by 65074?
13
What is the remainder when 991172 is divided by 330246?
434
Calculate the remainder when 10948828 is divided by 1168.
1164
Calculate the remainder when 47288459 is divided by 156.
23
What is the remainder when 269673 is divided by 12835?
138
Calculate the remainder when 4380796 is divided by 1369.
1365
What is the remainder when 4817148 is divided by 5?
3
Calculate the remainder when 2010911 is divided by 965.
816
Calculate the remainder when 23755531 is divided by 9712.
9691
Calculate the remainder when 86333574 is divided by 1780.
14
What is the remainder when 11228636 is divided by 27?
11
What is the remainder when 48558 is divided by 48439?
119
Calculate the remainder when 8101909 is divided by 128.
21
What is the remainder when 3989787 is divided by 1076?
1055
Calculate the remainder when 8409794 is divided by 594.
536
What is the remainder when 392800 is divided by 1205?
1175
What is the remainder when 1069628 is divided by 10590?
38
Calculate the remainder when 522793218 is divided by 14891.
14881
What is the remainder when 549299 is divided by 725?
474
Calculate the remainder when 19850553 is divided by 141.
9
Calculate the remainder when 5943742 is divided by 1547.
168
Calculate the remainder when 87458 is divided by 643.
10
Calculate the remainder when 82376570 is divided by 5369.
3
Calculate the remainder when 1335031 is divided by 2016.
439
What is the remainder when 5966335 is divided by 20021?
77
What is the remainder when 13707 is divided by 13032?
675
Calculate the remainder when 288036 is divided by 3946.
3924
Calculate the remainder when 389325 is divided by 194659.
7
What is the remainder when 61291931 is divided by 1512?
1499
Calculate the remainder when 79285 is divided by 840.
325
Calculate the remainder when 8658695 is divided by 309239.
3
What is the remainder when 195080 is divided by 42?
32
Calculate the remainder when 484139151 is divided by 3472.
3471
Calculate the remainder when 23297064 is divided by 23297058.
6
Calculate the remainder when 2620338 is divided by 406.
14
Calculate the remainder when 2475403 is divided by 1003.
1002
Calculate the remainder when 2655 is divided by 1420.
1235
What is the remainder when 4794 is divided by 2750?
2044
What is the remainder when 2235889 is divided by 19?
7
What is the remainder when 13492284 is divided by 822?
798
What is the remainder when 27646 is divided by 21?
10
What is the remainder when 180626858 is divided by 382684?
10
Calculate the remainder when 300756 is divided by 73351.
7352
Calculate the remainder when 1086801 is divided by 543338.
125
What is the remainder when 4216337 is divided by 10137?
9482
What is the remainder when 18030 is divided by 751?
6
What is the remainder when 10477874 is divided by 698524?
14
Calculate the remainder when 128216 is divided by 3580.
2916
What is the remainder when 941153 is divided by 52214?
1301
What is the remainder when 1549886 is divided by 21828?
98
Calculate the remainder when 15125628 is divided by 213037.
1
Calculate the remainder when 94580331 is divided by 10943.
10925
Calculate the remainder when 30046565 is divided by 411.
410
Calculate the remainder when 12096282 is divided by 4032092.
6
Calculate the remainder when 3566334 is divided by 147.
114
What is the remainder when 205648077 is divided by 18?
3
What is the remainder when 970241 is divided by 970226?
15
What is the remainder when 26183 is divided by 8382?
1037
Calculate the remainder when 98616 is divided by 9846.
156
Calculate the remainder when 841149 is divided by 52.
49
Calculate the remainder when 4300768 is divided by 5302.
846
What is the remainder when 35473 is divided by 11751?
220
What is the remainder when 399316 is divided by 132934?
514
What is the remainder when 20593 is divided by 5140?
33
Calculate the remainder when 138739255 is divided by 310.
305
Calculate the remainder when 14010174 is divided by 504.
486
Calculate the remainder when 1185842 is divided by 16.
2
What is the remainder when 110082517 is divided by 7?
6
Calculate the remainder when 109840561 is divided by 73768.
9
What is the remainder when 7878097 is divided by 1575613?
32
What is the remainder when 31116927 is divided by 59?
32
What is the remainder when 14239452 is divided by 176?
172
Calculate the remainder when 270481 is divided by 601.
31
What is the remainder when 5979004 is divided by 1214?
54
What is the remainder when 160644 is divided by 1016?
116
Calculate the remainder when 499597 is divided by 249758.
81
What is the remainder when 5452292 is divided by 942?
938
What is the remainder when 3176583 is divided by 317656?
23
What is the remainder when 251694 is divided by 859?
7
What is the remainder when 210859318 is divided by 4844?
4842
What is the remainder when 56206877 is divided by 383?
95
Calculate the remainder when 51390703 is divided by 37.
34
What is the remainder when 2405030 is divided by 1001?
628
Calculate the remainder when 11919603 is divided by 544.
19
Calculate the remainder when 562881 is divided by 4.
1
Calculate the remainder when 419316 is divided by 224.
212
What is the remainder when 2488754 is divided by 7407?
2
Calculate the remainder when 282941 is divided by 39177.
8702
Calculate the remainder when 7468652 is divided by 1493726.
22
Calculate the remainder when 1991910 is divided by 39838.
10
What is the remainder when 12544 is divided by 2139?
1849
Calculate the remainder when 5083947 is divided by 40.
27
What is the remainder when 4941416 is divided by 50?
16
What is the remainder when 3209088 is divided by 136?
32
What is the remainder when 75109230 is divided by 11?
9
Calculate the remainder when 4789243 is divided by 979.
954
What is the remainder when 3155 is divided by 450?
5
Calculate the remainder when 13632 is divided by 993.
723
Calculate the remainder when 147770 is divided by 5470.
80
Calculate the remainder when 8778930 is divided by 107060.
10
Calculate the remainder when 1859266 is divided by 976.
962
Calculate the remainder when 191425513 is divided by 61.
10
What is the remainder when 65107 is divided by 10850?
7
Calculate the remainder when 215735 is divided by 1695.
470
What is the remainder when 419133 is divided by 190?
183
Calculate the remainder when 5154 is divided by 2075.
1004
What is the remainder when 88518 is divided by 167?
8
What is the remainder when 65095 is divided by 31810?
1475
What is the remainder when 18910 is divided by 7550?
3810
Calculate the remainder when 217893 is divided by 14494.
483
What is the remainder when 1304254 is divided by 15905?
44
What is the remainder when 2142498 is divided by 214221?
288
What is the remainder when 262171 is divided by 2352?
1099
Calculate the remainder when 49997326 is divided by 1096.
1094
What is the remainder when 140143129 is divided by 1531?
1513
Calculate the remainder when 2516642 is divided by 34.
30
Calculate